igit of f?
7
Let j be 17/476*14*(13 - -1). What is the hundreds digit of 79*j - (12 - 10)?
5
What is the hundreds digit of 26039*4*6/24?
0
Let r = -75 + -41. Let v = r - -215. What is the units digit of v?
9
Suppose -21*m + 172854 = 5*m + 7*m. What is the hundreds digit of m?
2
Let z = 1303 - 1103. Let n be ((-2)/(-3) + -1)*-15. Suppose -325 = -n*r + z. What is the tens digit of r?
0
Suppose 29*i + 7242 = 35*i. What is the tens digit of i?
0
Let x be (-40)/(-140) + 33/7. Suppose -4*p = -3*k - 2208, -x*p - 2*k = -0*k - 2760. What is the units digit of p?
2
Let j = -194 + 1695. What is the units digit of j?
1
Let u(c) = 7*c + 61 + 8 + 4. Let b = 902 + -908. What is the units digit of u(b)?
1
Suppose 4*z - 3*l = 43, -5*l + 3 = 4*z - 0. Suppose 14*s = z*s + 21. Suppose s*m = 48 + 447. What is the tens digit of m?
6
Suppose 0 = q + 3*q - 4*d - 4, -5*q = d + 7. Let n(c) be the first derivative of 4*c**3/3 - c**2 - c - 627. What is the units digit of n(q)?
5
Let p(x) be the third derivative of -x**4/12 + 7*x**3/6 + 302*x**2. Let v be (13 - 1)*(-1 - 0). What is the units digit of p(v)?
1
Let t(n) = -5174*n - 1838. What is the hundreds digit of t(-7)?
3
Let h(x) = 16*x - 5 - 2 - 24. Let s(d) = -15*d + 32. Let k(q) = -5*h(q) - 6*s(q). What is the hundreds digit of k(17)?
1
Suppose -3*b = 3*v - 112719, v - 3*b + 5197 = 42778. What is the tens digit of v?
7
Let j(r) = r**3 + 9*r**2 + 15*r - 54. Let i be j(8). Suppose 0*f = 4*g + 5*f - 2326, 0 = 2*g - 2*f - i. What is the tens digit of g?
7
Let c(z) = 51*z + 33. Let k(a) = -25*a - 16. Let g(u) = -6*c(u) - 13*k(u). Let t be g(-3). Let x = -45 - t. What is the units digit of x?
2
Let t = 63 - 61. Suppose 2*d - 5*d - t*o + 404 = 0, -2*o = -4*d + 534. What is the hundreds digit of d?
1
Let a be (84/35)/((-2)/720 + 0). Let y = a + 1250. What is the units digit of y?
6
Let p = -420 + 277. Let b = p + 213. What is the units digit of b?
0
Let s be 6/12 + 15/(-6). Let h(o) = -92*o**3 - 4*o**2 - 6*o - 9. What is the hundreds digit of h(s)?
7
Suppose -4*n = -4*w + 468, -79 = -w - 2*n + 47. What is the tens digit of w + 2/(3/(-3) + -1)?
1
Suppose -l - 4*s = -5, -2*s + 3 = 1. Let o be (176/(-6))/(l/(-3)). Suppose -g - g = -o. What is the units digit of g?
4
Suppose 0 = -10*q + q - 81. Let r(j) = -30*j - 41. Let b be r(q). Let l = b + -119. What is the tens digit of l?
1
Suppose 8*h - 3*h - 2095 = 0. Suppose -423*w + h*w = -4648. What is the tens digit of w?
6
Suppose -8*t = 5*f - 3*t + 70, -f + t - 16 = 0. Let a be ((-10)/f)/((-6)/(-63)). Suppose -a*n = -10*n + 279. What is the units digit of n?
3
Let u(z) = 59*z**3 - 7*z**2 + 57*z - 294. What is the hundreds digit of u(6)?
5
What is the hundreds digit of 96/(-112) - (-2685775)/385 - (-4)/(-22)?
9
Let l(f) = 2*f**2 - 30*f + 41. Let z(t) = -3*t**2 + 32*t - 40. Let u(n) = -6*l(n) - 5*z(n). What is the tens digit of u(19)?
1
Let o(p) = -892*p + 62. Let u be o(-5). What is the hundreds digit of 5*(-4)/(-130) + u/13?
3
Suppose 3*o - 5*s = o + 1870, -4*o = -5*s - 3730. Let u = o - 629. Let y = -190 + u. What is the hundreds digit of y?
1
Suppose 0 = 58*n + 3*n + 76*n - 5587408. What is the tens digit of n?
8
Suppose 2*f + 3*k + 4 - 55 = 0, 69 = 3*f - 3*k. Suppose -19*d = -f*d + 1350. Suppose r + 4*h = 147, 2*h - 6*h = -2*r + d. What is the tens digit of r?
3
Let t = 30315 + -13579. What is the ten thousands digit of t?
1
Suppose -4*q + 3*d + 87669 = 0, -d + 23465 = 4*q - 64208. What is the units digit of q?
8
Suppose -57*n + 31*n - 142440 = -34*n. What is the units digit of n?
5
Suppose 2*d - 32290 = -4*n + 9574, 3*n = -5*d + 104667. What is the tens digit of d/66 - (-2)/22*-2?
1
Suppose -40*g - 363 + 137 = 374. Let y(w) = 3*w**2 + 12*w - 2*w**2 - 2 + 35. What is the units digit of y(g)?
8
Let p(x) = 9*x - 2 + 6 + 16*x + 4*x. Let m = 5 - 3. What is the tens digit of p(m)?
6
Suppose -102*v = -97*v + 4*p - 39541, -3*p - 39583 = -5*v. What is the tens digit of v?
1
Let s = -28 + 15. Let f(p) be the third derivative of -p**6/120 - p**5/5 + p**4/6 + 7*p**3/3 - 27*p**2. What is the tens digit of f(s)?
3
Let p(w) be the second derivative of -w**5/4 - w**4/6 - w**3/6 - 20*w + 3. Let u be 13/(-6) - (-4)/24. What is the tens digit of p(u)?
3
Suppose 95*k - 84*k + 22 = 0. What is the units digit of 0 + k + (141 - 8)?
1
Suppose -28 - 5 = -2*d - 3*u, d = 3*u - 6. Suppose -2*h = 3*w - 855, -d*w + 858 = 2*h - 5*w. What is the units digit of h?
3
Let u(f) = 17*f - f**3 + 5 - 6*f**2 - 9 - 2*f. Let y be u(-8). Suppose -5*b = -y*b - 85. What is the units digit of b?
5
Let a(z) = -z**2 - 69*z + 61. Let l = -745 - -702. What is the hundreds digit of a(l)?
1
Let u(y) = -5*y + 246. Let a be u(0). Suppose -4585 = -251*f + a*f. What is the hundreds digit of f?
9
Let g(x) = -2*x**3 - 10*x**2 + 3*x + 7. Suppose 4*k - 260 = 14*k. Let h be 15/(-30) + k/4. What is the tens digit of g(h)?
8
Let g = 102 - 87. Suppose -g*c + 600 = -10*c. Suppose c = 5*d - 3*d. What is the units digit of d?
0
Let b(d) be the second derivative of -d**4/12 + 7*d**3/2 - 11*d**2 - d. Let v be 140/(-63)*(-27)/6. What is the tens digit of b(v)?
8
What is the units digit of (-14355)/(-2) - (-4)/8?
8
Let m(t) = 1016*t**3 + 12*t**2 - 34*t + 6. What is the hundreds digit of m(2)?
1
What is the ten thousands digit of (216783/36)/(2/8)?
2
Suppose 13*f = 12*f. Suppose 0 = -f*g - g - 49. Let s = g - -76. What is the tens digit of s?
2
Suppose -13 + 1 = -6*h. Suppose -3*y - 26 = y - h*j, 4*y - 4*j = -36. Let g(f) = 15*f**2 - 3*f - 8. What is the units digit of g(y)?
4
Let h(k) = k**2 + 17*k - 48. Let d be h(-20). Suppose d*j - 3420 = -6*j. What is the units digit of j?
0
Suppose -7*i - 21 = -35. Suppose 3*j - 323 = -2*r, 3*r = 5 - i. What is the units digit of j?
7
Suppose 12*w - 9*w = 4719. Suppose -5*r - 1607 = -4*z, 457 = 5*z - 2*r - w. Suppose -4*v = -92 - z. What is the hundreds digit of v?
1
Let j = 918 - 1763. Suppose -10*v + 1176 = -12*v. Let p = v - j. What is the hundreds digit of p?
2
Let p(h) = -h**2 - 5*h + 4. Let f be p(-7). What is the units digit of (-73 - -83)*(-558)/f?
8
Suppose -10*w - 29550 = 2*w - 179850. What is the units digit of w?
5
Let t = -18010 + 19261. What is the hundreds digit of t?
2
Suppose -55*z = 163*z + 24*z - 5489770. What is the tens digit of z?
8
Let h(b) = b**3 + 5*b**2 + b + 543. Let w be h(0). Let f = -146 + w. What is the units digit of f?
7
Let b be 2/(-9) - (-1010)/90. Suppose b*j - 533 = 204. What is the tens digit of j?
6
Suppose y = -4, 0 = h + 5*y - 22 - 20. Let b(a) = -3*a**2 - 1 + h + 16*a + 11*a**2. What is the units digit of b(-6)?
3
Let a be (-112364)/(-70) + (3/(-15))/1. Let i = a + -277. What is the thousands digit of i?
1
Suppose -4*p - 15 = -3*y, -2*p + 0 - 3 = -y. What is the units digit of (y/3 + -2)/(1/543)?
3
Let p(x) = 96 + 51 - 39 - 52*x. What is the tens digit of p(-4)?
1
Let z(d) = 467*d**2 + 64*d - 29. What is the tens digit of z(5)?
6
Let p(v) = 10*v**2 - 13*v - 26. Let z be p(-2). Suppose 0 = -0*o + 3*o + 255. Let u = z - o. What is the tens digit of u?
2
Suppose 0 = -4*b - 2*k + 11428 + 9798, k + 15912 = 3*b. What is the hundreds digit of b?
3
Let o = -56 - -59. Suppose o*k = 57 - 21. Suppose -3*n + 9 = -k. What is the units digit of n?
7
Let y(n) = n**2 + n + 1. Let h(z) = -4*z**2 - 45*z - 22. Let q(i) = h(i) + y(i). Let m be q(-14). Suppose -m*b - 124 = -9*b. What is the units digit of b?
2
Suppose 536 - 24 = 4*y. Suppose 121*a = y*a - 1589. What is the hundreds digit of a?
2
Let u(c) = -3*c**3 - 3*c**2 - 5*c - 10. Let f be u(-5). What is the hundreds digit of f + ((-76)/57)/(2/6)?
3
Let z(x) = 3*x**2 + 126*x - 3508. What is the thousands digit of z(82)?
6
Let j(u) be the first derivative of -31*u**2/2 - 101*u + 56. What is the tens digit of j(-26)?
0
Let r = 108 - 62. Let j be r/(-4) + (-1)/(-2) + 1. What is the units digit of 179 + -5 + (-5 - j)?
9
Let w be 25 + -23 - (-1 + 1)/1. Suppose 0 = -2*r + 2*a + 216, 213 = w*r - 0*a + a. What is the units digit of r?
7
Suppose -24*r = -16*r - 216. Suppose r*f - 8085 = 20*f. What is the tens digit of f?
5
Suppose 72*j = -4*z + 74*j + 53670, -z + 13404 = -2*j. What is the hundreds digit of z?
4
Let f(c) = 4*c**2 + 12*c - 8. Let t be f(10). Suppose -3*l - 4 = 5*b, -36*b + 14 = 2*l - 41*b. Suppose -6*s + l*s = -t. What is t